{"id":21,"date":"2022-01-10T14:19:34","date_gmt":"2022-01-10T13:19:34","guid":{"rendered":"http:\/\/shop.ektetreningsglede.no\/fonixbrumunddal\/?post_type=product&#038;p=21"},"modified":"2026-03-12T11:41:34","modified_gmt":"2026-03-12T10:41:34","slug":"aa-drink-high-energy","status":"publish","type":"product","link":"https:\/\/shop.ektetreningsglede.no\/fonixbrumunddal\/produkt\/aa-drink-high-energy\/","title":{"rendered":"AA Drink &#8211; High energy"},"content":{"rendered":"","protected":false},"excerpt":{"rendered":"<p><strong>OBS!<\/strong>\u00a0<em>Vi sender <strong>IKKE<\/strong> varer i posten<\/em>, dette er en lokal nettkiosk for F\u00f8nix treningssenter i Brumunddal.<\/p>\n<p>AA Drink High Energy Den perfekte kombinasjonen av deilig smak og en solid energiboost \u2013 b\u00e5de f\u00f8r og etter trening. Produktet er utviklet spesielt for \u00e5 gi rask og langvarig energi til og fra trening, takket v\u00e6re den komplekse sukkerblandingen og den hypertoniske sammensetningen.<\/p>\n","protected":false},"featured_media":51,"template":"","meta":[],"product_cat":[16],"product_tag":[22],"_links":{"self":[{"href":"https:\/\/shop.ektetreningsglede.no\/fonixbrumunddal\/wp-json\/wp\/v2\/product\/21"}],"collection":[{"href":"https:\/\/shop.ektetreningsglede.no\/fonixbrumunddal\/wp-json\/wp\/v2\/product"}],"about":[{"href":"https:\/\/shop.ektetreningsglede.no\/fonixbrumunddal\/wp-json\/wp\/v2\/types\/product"}],"wp:featuredmedia":[{"embeddable":true,"href":"https:\/\/shop.ektetreningsglede.no\/fonixbrumunddal\/wp-json\/wp\/v2\/media\/51"}],"wp:attachment":[{"href":"https:\/\/shop.ektetreningsglede.no\/fonixbrumunddal\/wp-json\/wp\/v2\/media?parent=21"}],"wp:term":[{"taxonomy":"product_cat","embeddable":true,"href":"https:\/\/shop.ektetreningsglede.no\/fonixbrumunddal\/wp-json\/wp\/v2\/product_cat?post=21"},{"taxonomy":"product_tag","embeddable":true,"href":"https:\/\/shop.ektetreningsglede.no\/fonixbrumunddal\/wp-json\/wp\/v2\/product_tag?post=21"}],"curies":[{"name":"wp","href":"https:\/\/api.w.org\/{rel}","templated":true}]}}