{"id":1241,"date":"2023-01-24T15:19:48","date_gmt":"2023-01-24T14:19:48","guid":{"rendered":"https:\/\/shop.ektetreningsglede.no\/fonixccstadion\/?post_type=product&#038;p=1241"},"modified":"2023-01-24T15:22:10","modified_gmt":"2023-01-24T14:22:10","slug":"glemt-brikke-donasjon","status":"publish","type":"product","link":"https:\/\/shop.ektetreningsglede.no\/fonixccstadion\/produkt\/glemt-brikke-donasjon\/","title":{"rendered":"Glemt brikke donasjon"},"content":{"rendered":"<p>Har du glemt inngangsbrikke\/armb\u00e5ndet ditt? Doner da 5,- i glemt brikkegebyr. Alle donasjoner g\u00e5r i direkte st\u00f8tte til Aktiv mot Kreft.<\/p>\n","protected":false},"excerpt":{"rendered":"<p>Har du glemt inngangsbrikke\/armb\u00e5ndet ditt? Doner da 5,- i glemt brikkegebyr. Alle donasjoner g\u00e5r i direkte st\u00f8tte til Aktiv mot Kreft.<\/p>\n","protected":false},"featured_media":1243,"template":"","meta":[],"product_cat":[36],"product_tag":[],"_links":{"self":[{"href":"https:\/\/shop.ektetreningsglede.no\/fonixccstadion\/wp-json\/wp\/v2\/product\/1241"}],"collection":[{"href":"https:\/\/shop.ektetreningsglede.no\/fonixccstadion\/wp-json\/wp\/v2\/product"}],"about":[{"href":"https:\/\/shop.ektetreningsglede.no\/fonixccstadion\/wp-json\/wp\/v2\/types\/product"}],"wp:featuredmedia":[{"embeddable":true,"href":"https:\/\/shop.ektetreningsglede.no\/fonixccstadion\/wp-json\/wp\/v2\/media\/1243"}],"wp:attachment":[{"href":"https:\/\/shop.ektetreningsglede.no\/fonixccstadion\/wp-json\/wp\/v2\/media?parent=1241"}],"wp:term":[{"taxonomy":"product_cat","embeddable":true,"href":"https:\/\/shop.ektetreningsglede.no\/fonixccstadion\/wp-json\/wp\/v2\/product_cat?post=1241"},{"taxonomy":"product_tag","embeddable":true,"href":"https:\/\/shop.ektetreningsglede.no\/fonixccstadion\/wp-json\/wp\/v2\/product_tag?post=1241"}],"curies":[{"name":"wp","href":"https:\/\/api.w.org\/{rel}","templated":true}]}}