{"id":249,"date":"2022-02-10T11:36:46","date_gmt":"2022-02-10T10:36:46","guid":{"rendered":"https:\/\/shop.ektetreningsglede.no\/fonixccstadion\/?post_type=product&#038;p=249"},"modified":"2022-10-11T13:57:54","modified_gmt":"2022-10-11T11:57:54","slug":"snickers-hiprotein-bar-original","status":"publish","type":"product","link":"https:\/\/shop.ektetreningsglede.no\/fonixccstadion\/produkt\/snickers-hiprotein-bar-original\/","title":{"rendered":"Snickers HiProtein Bar &#8211; Crisp"},"content":{"rendered":"<p>Med utgangspunkt i suksessen til den originale Snickers Protein Bar, Snickers Hi Protein og Snickers Hi Protein Peanut Bar, har Mars trappet opp ting med et 4g\u00a0ekstra protein! Sukkerfattig og den usl\u00e5elige kombinasjonen av karamell, melkesjokolade og ekte pean\u00f8tt. Husker du da de lanserte den tidl\u00f8se klassikeren, men i et &#8216;spr\u00f8&#8217; format med crispies i? Dette er akkurat det, tilsatt protein.<\/p>\n","protected":false},"excerpt":{"rendered":"<p><strong>OBS!<\/strong>\u00a0<em>Vi sender\u00a0<strong>IKKE<\/strong>\u00a0varer i posten<\/em>, dette er en lokal nettkiosk for F\u00f8nix treningssenter i Hamar.<\/p>\n","protected":false},"featured_media":252,"template":"","meta":[],"product_cat":[27],"product_tag":[],"_links":{"self":[{"href":"https:\/\/shop.ektetreningsglede.no\/fonixccstadion\/wp-json\/wp\/v2\/product\/249"}],"collection":[{"href":"https:\/\/shop.ektetreningsglede.no\/fonixccstadion\/wp-json\/wp\/v2\/product"}],"about":[{"href":"https:\/\/shop.ektetreningsglede.no\/fonixccstadion\/wp-json\/wp\/v2\/types\/product"}],"wp:featuredmedia":[{"embeddable":true,"href":"https:\/\/shop.ektetreningsglede.no\/fonixccstadion\/wp-json\/wp\/v2\/media\/252"}],"wp:attachment":[{"href":"https:\/\/shop.ektetreningsglede.no\/fonixccstadion\/wp-json\/wp\/v2\/media?parent=249"}],"wp:term":[{"taxonomy":"product_cat","embeddable":true,"href":"https:\/\/shop.ektetreningsglede.no\/fonixccstadion\/wp-json\/wp\/v2\/product_cat?post=249"},{"taxonomy":"product_tag","embeddable":true,"href":"https:\/\/shop.ektetreningsglede.no\/fonixccstadion\/wp-json\/wp\/v2\/product_tag?post=249"}],"curies":[{"name":"wp","href":"https:\/\/api.w.org\/{rel}","templated":true}]}}