{"id":5919,"date":"2026-01-26T13:47:06","date_gmt":"2026-01-26T12:47:06","guid":{"rendered":"https:\/\/shop.ektetreningsglede.no\/fonixccstadion\/?post_type=product&#038;p=5919"},"modified":"2026-01-26T14:42:56","modified_gmt":"2026-01-26T13:42:56","slug":"wispy-protein-bar-dark-choco-pistachio","status":"publish","type":"product","link":"https:\/\/shop.ektetreningsglede.no\/fonixccstadion\/produkt\/wispy-protein-bar-dark-choco-pistachio\/","title":{"rendered":"Wispy Protein Bar &#8211; Dark Choco Pistachio"},"content":{"rendered":"<p data-start=\"107\" data-end=\"128\"><strong data-start=\"107\" data-end=\"128\">Wispy Protein Bar<\/strong><\/p>\n<p data-start=\"130\" data-end=\"366\">Wispy er proteinbarer med fokus p\u00e5 god smak og h\u00f8yt proteininnhold. Hver bar p\u00e5 55 g inneholder 18\u201320 g myseprotein og har et lavt sukkerinnhold p\u00e5 under 2 g. Barene ligger p\u00e5 rundt 200\u2013220 kcal per stykk og finnes i flere ulike smaker.<\/p>\n<p data-start=\"368\" data-end=\"454\">Et praktisk alternativ etter trening eller n\u00e5r du trenger et proteinrikt mellomm\u00e5ltid.<\/p>\n","protected":false},"excerpt":{"rendered":"<p><strong>OBS!<\/strong>\u00a0<em>Vi sender <strong>IKKE<\/strong> varer i posten<\/em>, dette er en lokal nettkiosk for F\u00f8nix treningssenter i Hamar.<\/p>\n","protected":false},"featured_media":5920,"template":"","meta":[],"product_cat":[39,27],"product_tag":[],"_links":{"self":[{"href":"https:\/\/shop.ektetreningsglede.no\/fonixccstadion\/wp-json\/wp\/v2\/product\/5919"}],"collection":[{"href":"https:\/\/shop.ektetreningsglede.no\/fonixccstadion\/wp-json\/wp\/v2\/product"}],"about":[{"href":"https:\/\/shop.ektetreningsglede.no\/fonixccstadion\/wp-json\/wp\/v2\/types\/product"}],"wp:featuredmedia":[{"embeddable":true,"href":"https:\/\/shop.ektetreningsglede.no\/fonixccstadion\/wp-json\/wp\/v2\/media\/5920"}],"wp:attachment":[{"href":"https:\/\/shop.ektetreningsglede.no\/fonixccstadion\/wp-json\/wp\/v2\/media?parent=5919"}],"wp:term":[{"taxonomy":"product_cat","embeddable":true,"href":"https:\/\/shop.ektetreningsglede.no\/fonixccstadion\/wp-json\/wp\/v2\/product_cat?post=5919"},{"taxonomy":"product_tag","embeddable":true,"href":"https:\/\/shop.ektetreningsglede.no\/fonixccstadion\/wp-json\/wp\/v2\/product_tag?post=5919"}],"curies":[{"name":"wp","href":"https:\/\/api.w.org\/{rel}","templated":true}]}}